11, 59, 12251
What are the prime factors of 291717321?
3, 7, 103, 134867
List the prime factors of 3406764953.
79, 43123607
What are the prime factors of 71749178?
2, 35874589
List the prime factors of 36190955.
5, 7238191
List the prime factors of 97682764.
2, 3019, 8089
What are the prime factors of 1500953849?
19, 23, 3434677
List the prime factors of 6773601513.
3, 7, 41, 7867133
List the prime factors of 85244009.
85244009
List the prime factors of 13968297.
3, 7, 221719
What are the prime factors of 816256574?
2, 7, 1297, 44953
What are the prime factors of 1933004725?
5, 4243, 18223
What are the prime factors of 753591197?
753591197
What are the prime factors of 71882222?
2, 17, 23, 91921
What are the prime factors of 81221769?
3, 9024641
List the prime factors of 1064388752.
2, 7, 9503471
What are the prime factors of 38544041?
38544041
List the prime factors of 205442021.
41, 5010781
List the prime factors of 137577547.
137577547
List the prime factors of 332518509.
3, 3607, 10243
What are the prime factors of 173437982?
2, 86718991
What are the prime factors of 8536968379?
1931, 2063, 2143
What are the prime factors of 15074165?
5, 691, 4363
List the prime factors of 6158572001.
97, 1777, 35729
What are the prime factors of 53831522?
2, 19, 37, 38287
What are the prime factors of 3664288897?
83, 991, 44549
What are the prime factors of 520116758?
2, 7, 47, 790451
What are the prime factors of 1396794934?
2, 698397467
What are the prime factors of 57744190?
2, 5, 7, 557, 1481
List the prime factors of 3561282098.
2, 11, 4001, 40459
What are the prime factors of 954225713?
7, 136317959
List the prime factors of 1388790575.
5, 55551623
What are the prime factors of 174497373?
3, 19388597
List the prime factors of 71411522.
2, 7, 13, 56053
List the prime factors of 85706619.
3, 131, 218083
List the prime factors of 811765954.
2, 43, 401, 23539
List the prime factors of 9397253.
263, 35731
List the prime factors of 27454150.
2, 5, 17, 32299
What are the prime factors of 155707528?
2, 887, 21943
What are the prime factors of 97915779?
3, 13, 401, 2087
List the prime factors of 169683739.
31, 37, 147937
What are the prime factors of 2784956009?
11, 253177819
What are the prime factors of 4168328615?
5, 11, 349, 217157
What are the prime factors of 55000642?
2, 27500321
What are the prime factors of 45030083?
7, 6432869
List the prime factors of 67108899.
3, 11, 13, 14221
List the prime factors of 9314965.
5, 11, 257, 659
List the prime factors of 711908244.
2, 3, 6591743
List the prime factors of 153568326.
2, 3, 107, 251, 953
List the prime factors of 60883691.
11, 23, 131, 167
What are the prime factors of 722551925?
5, 28902077
List the prime factors of 5574932497.
34267, 162691
What are the prime factors of 50969755?
5, 10193951
List the prime factors of 2701801543.
7, 55138807
List the prime factors of 2917376648.
2, 41, 337, 26393
What are the prime factors of 332893797?
3, 73, 127, 11969
What are the prime factors of 51383105?
5, 10276621
What are the prime factors of 111229528?
2, 13903691
List the prime factors of 15278424.
2, 3, 7, 199, 457
List the prime factors of 1849483934.
2, 47, 19675361
What are the prime factors of 98967667?
1933, 51199
List the prime factors of 31802355.
3, 5, 13, 18121
What are the prime factors of 360424774?
2, 4871, 36997
List the prime factors of 1128656207.
7, 23, 97, 72271
List the prime factors of 95672266.
2, 47836133
What are the prime factors of 4569180?
2, 3, 5, 7, 11, 23, 43
List the prime factors of 307723096.
2, 1091, 35257
List the prime factors of 63541311.
3, 21180437
List the prime factors of 94331088.
2, 3, 59, 3701
List the prime factors of 6389483078.
2, 11, 1033, 281153
List the prime factors of 67995304.
2, 13, 653801
List the prime factors of 902156659.
902156659
What are the prime factors of 43093859?
5701, 7559
List the prime factors of 340290669.
3, 29, 47, 83221
List the prime factors of 6791016.
2, 3, 282959
What are the prime factors of 3337221800?
2, 5, 11, 23, 101, 653
List the prime factors of 59892779.
59892779
List the prime factors of 68180736.
2, 3, 13, 6829
What are the prime factors of 1672356897?
3, 227, 818579
What are the prime factors of 135015423?
3, 59, 229, 3331
What are the prime factors of 54000742?
2, 137, 197083
What are the prime factors of 291506497?
17, 647, 1559
What are the prime factors of 95632754?
2, 7, 2437, 2803
List the prime factors of 257610313.
103, 2501071
What are the prime factors of 318368655?
3, 5, 11, 19, 33851
What are the prime factors of 50529325?
5, 7, 11, 26249
List the prime factors of 25354812.
2, 3, 7, 301843
List the prime factors of 24286133.
24286133
List the prime factors of 20448515.
5, 59, 69317
What are the prime factors of 197101554?
2, 3, 13, 19, 179, 743
List the prime factors of 170781.
3, 13, 29, 151
List the prime factors of 148442391.
3, 23, 717113
List the prime factors of 127995421.
127995421
List the prime factors of 48553387.
3673, 13219
What are the prime factors of 255846625?
5, 2046773
What are the prime factors of 9397800?
2, 3, 5, 23, 227
What are the prime factors of 66596305?
5, 13319261
List the prime factors of 2586066.
2, 3, 7, 67, 919
List the prime factors of 547166165.
5, 7, 13, 17, 127, 557
What are the prime factors of 2311533981?
3, 83, 3094423
What are the prime factors of 432993742?
2, 173, 1251427
What are the prime factors of 101252376?
2, 3, 468761
What are the prime factors of 265119560?
2, 5, 6627989
What are the prime factors of 4272034653?
3, 59, 401, 20063
What are the prime factors of 1890897212?
2, 2221, 212843
What are the prime factors of 217091025?
3, 5, 37, 89, 293
List the prime factors of 588396379.
83, 85411
List the prime factors of 15117212.
2, 11, 31, 11083
What are the prime factors of 31147311?
3, 13, 798649
List the prime factors of 198706292.
2, 23, 73, 29587
List the prime factors of 57454594.
2, 17, 19, 31, 151
What are the prime factors of 717651567?
3, 997, 79979
What are the prime factors of 400677077?
31, 12925067
What are the prime factors of 247003892?
2, 61750973
List the prime factors of 89799295.
5, 17959859
List the prime factors of 42451621.
29, 43, 59, 577
What are the prime factors of 124911333?
3, 13879037
List the prime factors of 450758474.
2, 587, 383951
List the prime factors of 295948948.
2, 283, 261439
List the prime factors of 194114292.
2, 3, 1039, 15569
List the prime factors of 1579961746.
2, 11, 71816443
What are the prime factors of 4574124980?
2, 5, 19, 461, 26111
List the prime factors of 2093184763.
2093184763
List the prime factors of 542805030.
2, 3, 5, 2010389
List the prime factors of 28068686.
2, 14034343
List the prime factors of 1149873432.
2, 3, 29, 419, 3943
What are the prime factors of 815096165?
5, 13, 103, 211, 577
List the prime factors of 1114962084.
2, 3, 3441241
List the prime factors of 383428746.
2, 3, 439, 48523
What are the prime factors of 53482363?
11, 442003
What are the prime factors of 1211120120?
2, 5, 7, 17, 254437
List the prime factors of 800252798.
2, 17, 37, 421, 1511
What are the prime factors of 48965925?
3, 5, 229, 2851
List the prime factors of 2322074014.
2, 13, 5419, 16481
List the prime factors of 27250874.
2, 7, 397, 4903
What are the prime factors of 44296961?
19, 2331419
What are the prime factors of 809993851?
809993851
List the prime factors of 7141501.
31, 107, 2153
List the prime factors of 61897534.
2, 53, 139, 4201
List the prime factors of 3306278799.
3, 1483, 247717
List the prime factors of 175353876.
2, 3, 1623647
List the prime factors of 80017034.
2, 1439, 27803
What are the prime factors of 376179368?
2, 571, 82351
What are the prime factors of 18740991?
3, 43, 131, 1109
List the prime factors of 1130768865.
3, 5, 31, 810587
List the prime factors of 427408358.
2, 13, 619, 26557
List the prime factors of 5753521.
53, 108557
What are the prime factors of 72024048?
2, 3, 500167
List the prime factors of 55163736.
2, 3, 766163
What are the prime factors of 73920011?
11, 163, 41227
List the prime factors of 2775153791.
79, 191, 183919
List the prime factors of 289957372.
2, 17, 89, 47911
What are the prime factors of 299242698?
2, 3, 61, 817603
List the prime factors of 768686922.
2, 